
67, 277
Let b(s) = 137*s**2 + 80*s - 314. List the prime factors of b(4).
2, 7, 157
Suppose 2*m + 15 = 7*m. Let p be (-1)/5*-5*(m + -1). List the prime factors of p/11 - 5160/(-55).
2, 47
Suppose -2*q - 5*w = -16, -8*w = -5*w + 12. List the prime factors of (-5)/15 - (-3)/(q/1334).
2, 3, 37
Let j = -3 + 3. Let g(s) = 2*s**3 - 23*s**2 + 11*s + 2. Let h be g(11). List the prime factors of -3 - (-35 + (3 - h) + j).
31
Let c = -899 - -327. Let f = c + 1145. What are the prime factors of f?
3, 191
Suppose -5*d + 1091 = 5531. Let a = 1267 + d. What are the prime factors of a?
379
Suppose -1682990 = -64*g - 219246. What are the prime factors of g?
22871
List the prime factors of (-5)/((-10)/14166) - (18 + -14 + -8).
19, 373
Suppose -34 = -6*j + 8. Let l(x) = -7*x + 33. Let h be l(j). Let k = h + 143. What are the prime factors of k?
127
Let o(s) be the third derivative of -s**5/20 - 5*s**4/4 + 3*s**3 - 37*s**2. Let d be o(-13). Let v = 181 + d. What are the prime factors of v?
2, 41
Let a be (-11 - -16)/((-3)/6). Let y be (-8 - (-5 - -1))*a. Let x = 147 - y. What are the prime factors of x?
107
Let q = -18372 + 26118. List the prime factors of q.
2, 3, 1291
Let z(w) = w**3 - 40*w**2 + 294*w - 3. What are the prime factors of z(9)?
2, 3, 11
Suppose 0 = -267*p + 280*p - 9581. Let h = 2025 - p. List the prime factors of h.
2, 7, 23
Suppose -4954*c = -4974*c + 1547740. List the prime factors of c.
19, 4073
Let x(k) = -k + 106. Let b be x(12). Let t = 262 - b. List the prime factors of t.
2, 3, 7
Let b = 6388 + -3927. Let f = b + -1001. What are the prime factors of f?
2, 5, 73
Let g(x) = 14*x - 24. Let u be g(-4). Let r = 98 + u. Suppose 364 = -r*m + 22*m. List the prime factors of m.
7, 13
Let u(m) = -2*m**2 + 30*m - 24. Let k be u(14). Suppose -5*c + 2 = 3*h, -3 = 5*c - k*h - 12. What are the prime factors of 109*c - (-25 - -22)?
2, 7
Suppose 5750 = 4*k - 3*b, k + b - 501 = 933. Let i = k - 942. What are the prime factors of i?
2, 13, 19
Let f(r) = r**3 + 21*r**2 + r + 22. Let x be f(-21). Let h(w) = 672*w + 37. What are the prime factors of h(x)?
709
Let y = 15007 - -11242. What are the prime factors of y?
26249
Suppose 1 = -4*s + 5*m + 39, -14 = -s - m. Suppose -s*h = -602 - 358. What are the prime factors of h?
2, 5
Let f = -49 + 46. Let y(i) = -9*i**3 + 7*i**2 + 7*i + 3. What are the prime factors of y(f)?
2, 3
Let i(a) = a**3 + 24*a**2 - 65. Suppose -14*z = 149 + 159. What are the prime factors of i(z)?
3, 7, 43
Suppose -4*g = -6*k + 74794, k + 3*g - 14662 = -2200. List the prime factors of k.
3, 5, 277
Suppose -5*x = -2*q - 12 - 25, 5*q = 4*x - 50. List the prime factors of (0 - (1 - 97))*q/(-8).
2, 3
Let w = -17 + 17. Suppose -2*o + j = 1 - 14, o + 2*j = 4. Suppose 2*a - o - 8 = w. List the prime factors of a.
7
Suppose i = -4*q + 15, -3 = i - 2*q - 0. Suppose 17 + 25 = -i*d. Let z = d - -44. What are the prime factors of z?
2, 3, 5
Suppose 25*l = 9*l - 48. List the prime factors of 192 - (l + 4)/(-1)*4.
2, 7
Suppose -2*d - 113026 = -70*h + 65*h, 5*d = 35. List the prime factors of h.
2, 3, 157
Let o(c) = 40*c - 832. What are the prime factors of o(27)?
2, 31
Suppose 100*j - 1550752 = -222152. List the prime factors of j.
2, 7, 13, 73
Let c = -72 - -40. Let p = c + -5. List the prime factors of (-16 - -21)/((-1)/p + 0).
5, 37
Suppose 11*z - 6*z = 680. Let f = z + -128. Suppose -5*u = -f*u + 243. What are the prime factors of u?
3
Let m(n) be the second derivative of -4/3*n**3 - 9/2*n**2 - 3*n + 0. What are the prime factors of m(-4)?
23
Let n(m) = 79*m + 6270. List the prime factors of n(0).
2, 3, 5, 11, 19
Suppose 10 = c + 32. Let s(l) = -2*l - 10. List the prime factors of s(c).
2, 17
Let l(b) = -b**2 + 45*b + 43. Let c(k) = 15*k + 121. Let f be c(-6). What are the prime factors of l(f)?
3, 53
Let v be (-165)/(-22)*(-12)/(-10) - -1. List the prime factors of -15*4/(-18)*2148/v.
2, 179
Let p be (5990696/26)/4 + (-14)/(-91). Let o be (-2)/(-12) - p/126. Let k = -214 - o. What are the prime factors of k?
3
Let m(r) = 3*r**2 + 59*r + 782. What are the prime factors of m(-54)?
2, 13, 61
Let r = 1138 + -1074. What are the prime factors of r?
2
Let s(t) be the third derivative of t**6/120 + 13*t**5/60 - 7*t**4/24 - 13*t**3/2 + 2*t**2 + 24. What are the prime factors of s(-12)?
3, 7
Let v(k) be the first derivative of 55*k**2/2 - 4*k - 44. What are the prime factors of v(6)?
2, 163
Let g(i) = -5740*i - 6849. What are the prime factors of g(-9)?
3, 13, 383
Suppose 8*u - 520 = 104. Let m = u - 82. What are the prime factors of (-6)/3 - (-3 - 112) - m?
3, 13
Let z(c) = -2*c**2 + 38*c + 168. Let d be z(-4). What are the prime factors of 1686/(d/(-17 + 9))?
3, 281
Let c(o) = 137*o - 349. List the prime factors of c(21).
2, 79
Suppose -o - 4*o + 15 = 0. Suppose 4*q + 7*b - 384 = 4*b, -o*q + b + 275 = 0. Let d = 176 - q. What are the prime factors of d?
83
Let z = -14 + 53. Suppose 0 = 7*s + z - 11. List the prime factors of 21*s/(-4 + 0).
3, 7
Suppose 0 = 9*h - 28 - 26. Suppose -261 + 33 = -h*o. List the prime factors of o.
2, 19
Suppose -24*b + 2330 = -19*b. Let p = 949 - b. What are the prime factors of p?
3, 7, 23
Suppose -6 = m - 15. Let g(q) be the first derivative of q**4/4 - 8*q**3/3 + 5*q**2 - 22*q + 86. What are the prime factors of g(m)?
149
Let p = -3127 - -5777. Suppose 0 = -5*w + s + p, -5*w - 3*s + 1962 = -708. List the prime factors of w.
3, 59
Let p be 982 + 0 - (-4 + 1). Let i = p - 598. What are the prime factors of i?
3, 43
Let t(n) = n**3 + 9*n**2 + 10*n + 18. Let i be t(-8). Let b(l) = 28*l + 4. Let g be b(i). List the prime factors of ((-12)/(-9))/(8/g).
2, 5
Suppose 44*g - 15215 = 39*g. Let n = 4698 - g. List the prime factors of n.
5, 331
Let s = 497 + -500. Let t(v) = -18*v + 117. List the prime factors of t(s).
3, 19
Suppose 454 = 3*w - d + 137, -2*w = -3*d - 209. Suppose -2*x + 20 = 2*x, -4*x - w = -2*z. Suppose 0 = -y + 8 + z. What are the prime factors of y?
71
Let a = 127144 + -58317. What are the prime factors of a?
11, 6257
Suppose c - 20 = 3*c. Let j(t) = t**3 + 9*t**2 - 11*t - 10. Let u be j(c). Suppose u*l - 108 = -3*l. List the prime factors of l.
2, 3
Suppose -p + 46 = 18. Let j = 30 - p. Suppose 92 = -j*n + 4*n. List the prime factors of n.
2, 23
Let r(x) = 24*x + 87. Let j = 164 + -143. List the prime factors of r(j).
3, 197
Let i = -28838 - -42041. What are the prime factors of i?
3, 163
Let r be 45230/11 + (-6)/(-33). Let v = -2734 + r. What are the prime factors of v?
2, 13, 53
Suppose -m - 144 = -386. Let b = -45 + m. What are the prime factors of b?
197
Suppose 455*q - 441*q - 707364 = 0. List the prime factors of q.
2, 3, 7, 401
Suppose -38*z = -150*z - 18*z + 2285010. List the prime factors of z.
3, 7, 31
Let b(n) = 19217*n + 842. What are the prime factors of b(1)?
13, 1543
Let r = 160 + -161. Suppose 3*l + 108 = -18. List the prime factors of 0/r - 0 - l.
2, 3, 7
Suppose -3*v = -4*g + 2569 + 3698, 3*v = g - 1569. Suppose 4*t = 6*u - u - 1977, -4*u + g = 2*t. List the prime factors of u.
3, 131
Let a be (-2 - 120/(-66)) + (-310)/(-11). Let i = a - -238. What are the prime factors of i?
2, 7, 19
Suppose 3*m + 10 + 2 = 2*c, -m - 4 = 0. Suppose c = -2*r + 23 - 3. What are the prime factors of (r + -1)/((-3)/(-27))?
3
Let c be (12/1)/((-48)/1656). Let t = c + 981. List the prime factors of t.
3, 7
List the prime factors of 5303 - (-90)/12*(-24)/20.
2, 2647
Let i(o) = 3402*o**2 - 10*o + 8. What are the prime factors of i(-1)?
2, 3, 5, 19
Let m(b) = 437*b - 1119. What are the prime factors of m(57)?
2, 3, 5, 13, 61
Let o(d) = d**2 + 29*d + 177. Let m be o(-10). Let l(b) = 9*b**2 - 11*b - 41. List the prime factors of l(m).
3, 541
Let j(m) = -5*m + 35. Let g be j(6). Let n(h) = h**2 - h + 6. Let b be n(g). Let f = b + 70. What are the prime factors of f?
2, 3
Let n = 8324 - -11961. List the prime factors of n.
5, 4057
Suppose 0 = -4*y - 3*c + 12621, -5*c + 29 + 6 = 0. What are the prime factors of y?
2, 3, 5, 7
Let i be ((-2408)/(-3))/4*3. Suppose 0 = -5*k, 0 = 2*s - k + 4*k - i. List the prime factors of s.
7, 43
Let p = 240 + -403. Let x(s) = s**2 - 24*s - 50. Let o be x(26). Let k = o - p. What are the prime factors of k?
3, 5, 11
Let l(f) = -29*f**2 - 4*f**3 + 115*f + 46*f**3 - 37*f**3 + 2. What are the prim